-2
Let h(n) = -2*n**3 - 19*n**2 - 3*n + 74. Let d be h(-9). Let g(v) = v**2 - 22*v + 44. Determine g(d).
4
Let l(z) = z**2 + 3*z - 3. Suppose p - 5 + 0 = 0, -2*p - 35 = -5*o. Suppose o*b = 7*b + 12. Let t = b - 11. Give l(t).
7
Let r(u) = 4*u**2 - 2 + 0 - 5*u + 6579*u**3 + 3 + 6604*u**3 - 13182*u**3. Let i = 2 - 7. Calculate r(i).
1
Let q(t) = t - 42. Let b be (-86)/(-5) - (90/(-15))/(-30). Give q(b).
-25
Suppose -752 = -54*j + 7*j. Let q(k) = 8*k - 111. What is q(j)?
17
Let i be 81/12 - -1 - 771/1028. Let u(b) = -2*b**2 + 19*b - 43. Determine u(i).
-8
Suppose 4*g = -4*r - 12, -5*g - 78*r + 77*r = -1. Let j(b) = 55*b**2. What is j(g)?
55
Let j be 2/5 - (-351)/135. Let b(y) = -7 - 14*y**2 - y + 11*y**2 - y**3 + 2*y**j + 2*y**2 - 3*y**3. Determine b(0).
-7
Let c(g) = -31*g**2 - g + 1. Suppose 6*x = 4*x + 56. Let m = -24 + x. Let n(w) = 61*w**2 + 2*w - 2. Let v(d) = m*n(d) + 7*c(d). What is v(1)?
27
Let r(c) = -2 + 10*c**2 + 1 + c**3 - 10*c - 3. Let i be ((51480/32)/(-195))/((-3)/(-4)). Determine r(i).
-15
Let y(f) = f**3 + f**2 - 2*f + 13. Let u be y(-3). Let m(k) = -k + 2. Let l(v) = -1. Let p(r) = u*m(r) + 5*l(r). Suppose 3*d + d + 16 = 0. Calculate p(d).
1
Let i(f) be the first derivative of 2*f**3/3 - 2*f**2 + 9*f - 445. Give i(4).
25
Let q(w) = -w**3 - 14*w**2 + 17*w + 32. Let z be q(-15). Let y(l) = -17*l + 11*l**z - l**3 + 4 - l**2 + 1 + 6*l. Give y(9).
-13
Suppose -1 - 5 = -f. Let z(r) = -715*r + 5 + 239*r + 236*r + 239*r + 4. Give z(f).
3
Let b(z) = z - 1. Let u = -14 + 19. Let s(q) be the third derivative of -q**5/60 - q**4/24 - 5*q**3/3 - 10*q**2. Let n(y) = u*b(y) - s(y). Give n(-4).
-3
Let n(z) = -79 + 36 + 35 + z. Suppose 8*f + 55 = 3*f. Let o(w) = -w + 15. Let k(g) = f*n(g) - 6*o(g). What is k(-4)?
18
Let z = 2640 - 2634. Let a(w) = w**2 + 8*w - 86. Determine a(z).
-2
Let b(o) be the second derivative of o**3/6 + 15*o**2/2 + 3*o - 17. Calculate b(-17).
-2
Let d(y) be the first derivative of 3*y**4/4 + y**3/3 - 2*y**2 - 8*y + 4700. What is d(-2)?
-20
Let t(x) = -x**2 - 7*x - 4. Let w(n) = -2*n**2 + 32*n + 19. Let y be w(17). Let a be -2*(3/y)/((-4)/350). Let l = -42 - a. Determine t(l).
-4
Let u(p) = -p**2 - p. Let x(s) = -5*s**2 + 3*s + 8. Let f(r) = -4*r**2 + 3*r + 7. Let t(v) = -2*f(v) + 3*x(v). Let w(d) = -t(d) + 6*u(d). What is w(10)?
0
Let n(v) = -v**2 + 13*v + 11. Let b(q) = -q**2 + 6*q - 4. Let h be b(2). Suppose 0 = -h*i + a + 54, 0*i + 48 = 3*i + 3*a. What is n(i)?
-3
Let n be (2650/2120)/(15/36). Let c(w) = 2*w**2 + 5*w + 8. Let k(z) = -z**2 - 4*z - 7. Let h(b) = 3*c(b) + 4*k(b). What is h(n)?
11
Let l = 1526 + -1532. Let i(n) = -6*n + 3. Let t(z) be the third derivative of 7*z**4/24 - z**3/2 - z**2. Let s(k) = l*i(k) - 5*t(k). Give s(5).
2
Let n be ((-42)/(-357))/(14/(-119)). Let b(y) be the first derivative of -15*y**2/2 + y + 1. What is b(n)?
16
Let s(i) = 24*i - 45. Let v be s(2). Let h(u) = -4*u - 10. Give h(v).
-22
Let g(n) = -n**2 - 6*n - 1. Let v(r) = r**3 + 7*r**2 - 8*r + 9. Let a be v(-8). Let m = -6 + a. Suppose 3*l + 13 = u, m*u + 2*u = -2*l + 14. Calculate g(l).
8
Suppose 0 = 3*g - 5*a + 48, 356*g - 6 = 359*g + 2*a. Let i(c) = 4*c + 7. Calculate i(g).
-17
Let z(j) be the second derivative of -j**3/3 - j**2 + j. Let h be 2/((-2)/(1692/(-9))). Let o = -191 + h. What is z(o)?
4
Let q(g) = -6 - 3 - g**2 + 3*g - 11*g. Let w = -53343 - -53337. Calculate q(w).
3
Let k(t) be the second derivative of -11*t**3/6 + 7*t**2/2 - 3659*t. Determine k(3).
-26
Let c(r) = -r**3 + 9*r**2 + 11*r - 7. Let n(i) = 225*i + 61. Let b be n(3). Suppose b*w + 100 = 746*w. Calculate c(w).
3
Let i(f) = -f**3 + 4*f**2 - 5*f - 1. Suppose 881 = -2*q + 3*c - 8*c, 0 = q - 5*c + 433. Let v = 441 + q. What is i(v)?
-7
Let z(b) = -b - 238. Let m(g) = 3*g + 595. Let t(o) = -2*m(o) - 5*z(o). What is t(1)?
-1
Let q(s) be the third derivative of -s**5/60 + 11*s**4/12 - 15*s**3/2 + 11*s**2 - 3*s + 1. Calculate q(23).
-68
Let p(l) = l**3 + l**2 - l + 7. Let r(u) = u**3 - 12*u**2 - 29*u + 11. Let h be r(14). Let f(q) = 57*q + 171. Let k be f(h). Give p(k).
7
Let d be 8 + 0 + -6 + 9. Let n(g) = 9*g - 98. What is n(d)?
1
Let q(j) = 5178*j**2 - 2591*j**2 - 2588*j**2 + 7*j - 7. What is q(5)?
3
Let l(y) = -9*y + 7 - 822*y**2 + 1635*y**2 - 810*y**2. What is l(1)?
1
Let h(d) be the first derivative of 3*d**4/4 + 2*d**3/3 + 2*d - 14244. Suppose 3 = -3*o, 2 = 2*s - o - o. Suppose c = -2 - s. What is h(c)?
-14
Let j(c) = -2*c**2 - 21*c + 6. Suppose 3 = 9*k - 10*k. Let v be ((-22)/8)/(((-24)/k)/32). Determine j(v).
-5
Let q(g) be the first derivative of -g**4/4 + 4*g**3/3 + 7*g**2/2 + g - 1. Let x be (-1)/(-10) - 1404/(-360). Let n be (x/(-6))/((-16)/120*1). Calculate q(n).
11
Let x be (12/(-10))/(33/(-55)). Let p be 176/(x + -4)*10/(-20). Let q = 37 - p. Let t(g) = g**2 + 6*g. What is t(q)?
7
Let q(b) = -15*b**3 + b**2 - 6*b - 6. Let j(w) = -34*w**3 + w**2 - 13*w - 13. Let o(t) = 4*j(t) - 9*q(t). Calculate o(-7).
86
Let a(i) be the second derivative of -2*i**3/3 + 69*i**2/2 + 420*i. What is a(17)?
1
Let g be ((-1)/(-3))/((-6)/(-180)). Suppose 3*r + w - 8 = 0, g*w + 16 = 6*w. Let d(t) = t**3 - 5*t**2 + 4*t + 1. Calculate d(r).
1
Let f(v) = -602*v + 20 + 10 + 9 + 592*v + 10. Determine f(7).
-21
Suppose h = -9*a + 4*a - 3, a = 2*h - 5. Let s(r) = r + 0*r**h + 8*r**2 + r**2. Suppose -4*t = -2*i - 12, -121*t + 2*i = -125*t - 4. What is s(t)?
10
Let g be (-17 - (11 - 26)) + 2 + 1. Let s(a) = -19*a - 3. Give s(g).
-22
Let p = 172 + -139. Suppose 0 = -9*u - p + 69. Let c(o) = o**2 - 5*o. Determine c(u).
-4
Let n(x) = -3*x**3 + 7*x**2 - 9*x - 41. Let h(y) = 13*y**3 - 28*y**2 + 38*y + 176. Let g(w) = -2*h(w) - 9*n(w). What is g(4)?
-11
Suppose -3 = 3*r, -3*p - 4*r - 13 = -216. Let y(t) = -75*t + 3 + 1 + p*t. Suppose 22 - 2 = 5*f. Calculate y(f).
-20
Let u(i) = 2*i**2 - 2*i - 4. Let y(d) = 7*d - 6. Let r(h) = -8*h + 7. Let f(n) = -3*r(n) - 4*y(n). Let w be f(2). Let b be w/((-10)/3)*2. What is u(b)?
8
Let z(y) be the first derivative of y**4/4 - 4*y**3/3 - 13*y**2/2 + 4*y - 2554. Calculate z(6).
-2
Let l(x) = -7*x - 3. Let o = 178 - 150. Suppose 60*c - o*c = -32. What is l(c)?
4
Let u = -852 + 851. Let q(r) = -20 - 7*r - 3*r + 20. Determine q(u).
10
Let k(t) be the first derivative of -t**5/10 - 5*t**4/12 - t**3/2 + t**2/2 + 84*t - 94. Let r(g) be the first derivative of k(g). Calculate r(-3).
19
Let d(a) = -3*a**3 + 2*a + 2. Let n(c) = -7*c**2 + 126*c + 30. Let o(v) = -2*v + 4. Let k(m) = n(m) - 3*o(m). Let s be k(19). Give d(s).
3
Let m be ((-1)/1)/((-45)/45). Let g(n) = n**2 - 6*n - 13. Let p(k) = -1. Let a(l) = m*g(l) - 6*p(l). Give a(6).
-7
Let h(t) = -2*t**3 + 2*t**2 - t + 1. Let j(a) = -7*a**3 - 4*a**2 - 7*a + 11. Let m(c) = 4*h(c) - j(c). What is m(12)?
29
Let k(i) = 37*i**2 - 20*i - 649. Let w(h) = 9*h**2 - 5*h - 160. Let q(g) = 8*k(g) - 33*w(g). Give q(-7).
4
Let t(o) = o**2 + 10*o + 15. Let j be 34/(-187) + 6789/11. Let y = j + -623. Determine t(y).
-9
Let p(o) = -2*o - 6. Suppose 5*y - 4*q = 41, q + 31 = 5*y + 2. Suppose 153*f = 157*f + 40. Let j be -2 + f/y - 0. Determine p(j).
2
Let p(l) = -5*l**2 - 2*l + 2 - 4 + 4*l. Let h be 6 - 3 - 2/(12 - (2 + 8)). What is p(h)?
-18
Let j(x) = -14*x - 94. Let w be (280/(-175))/((-8)/(-30)). What is j(w)?
-10
Let y(q) = -q**3 - 5*q**2 - 5*q - 2. Suppose 2629*a + 2 = -2*f + 2630*a, 2*a + 23 = -5*f. Give y(f).
-5
Let o(r) be the first derivative of 120 - 9*r + 1/2*r**2. What is o(9)?
0
Let r(a) = -25*a + 20. Let t(x) = 108*x - 85. Let g(k) = -13*r(k) - 3*t(k). Suppose 3*c + 40 = -w - 4*w, 3*c + 7 = -2*w. Calculate g(w).
-16
Let x = -5 + 10. Suppose 0 = -2*s + 3*c + 19, 2*s + c = -3 + 2. Let o(d) = d**2 - 10*d + 2 + 5*d + 0 - 4 - s. Determine o(x).
-4
Let b(t) = -t**2 + t + 13. Suppose -215*v = -31*v + 736. Calculate b(v).
-7
Let l(c) be the third derivative of c**5/20 + c**4/24 - c**3/6 + 6346*c**2. Suppose -4*b + 2 = -w + 15, -b = -3*w + 17. Calculate l(b).
9
Let n(h) = 7*h**2 - 6*h - 31. Let c(k) = -2662*k + 10646. Let b be c(4). Give n(b).
9
Let t(s) = 2*s**2 + 58*s + 2. Suppose 25*m + 3*z + 157 = 20*m, 42 = -2*m + 4*z. Determine t(m).
2
Let j(w) = w - 8. Let n be j(11). Let t be (-4)/2*(n/(-2) + 0). Let m(v) = -3 - 9*v - 5 + 7*v + t + v**3 + 4*v**2. Determine m(-5).
-20
Let g(i) be the third derivative of i**5/60 + i